{"id":270,"date":"2014-08-07T10:58:19","date_gmt":"2014-08-07T08:58:19","guid":{"rendered":"http:\/\/www.espaciogravia.org\/?page_id=270"},"modified":"2023-04-04T17:05:54","modified_gmt":"2023-04-04T15:05:54","slug":"proximas-actividadesx-2","status":"publish","type":"page","link":"https:\/\/espaciogranvia.org\/gal\/","title":{"rendered":"Pr\u00f3ximas Actividades"},"content":{"rendered":"<div class=\"fusion-fullwidth fullwidth-box fusion-builder-row-1 hundred-percent-fullwidth non-hundred-percent-height-scrolling\" style=\"--awb-border-radius-top-left:0px;--awb-border-radius-top-right:0px;--awb-border-radius-bottom-right:0px;--awb-border-radius-bottom-left:0px;--awb-overflow:visible;--awb-flex-wrap:wrap;\" ><div class=\"fusion-builder-row fusion-row\"><div class=\"fusion-layout-column fusion_builder_column fusion-builder-column-0 fusion_builder_column_1_1 1_1 fusion-one-full fusion-column-first fusion-column-last fusion-column-no-min-height\" style=\"--awb-bg-size:cover;--awb-margin-bottom:0px;\"><div class=\"fusion-column-wrapper fusion-flex-column-wrapper-legacy\"><div class=\"fusion-blog-shortcode fusion-blog-shortcode-1 fusion-blog-archive fusion-blog-layout-grid-wrapper fusion-blog-pagination\"><style type=\"text\/css\">.fusion-blog-shortcode-1 .fusion-blog-layout-grid .fusion-post-grid{padding:20px;}.fusion-blog-shortcode-1 .fusion-posts-container{margin-left: -20px !important; margin-right:-20px !important;}<\/style><div class=\"fusion-posts-container fusion-posts-container-pagination fusion-blog-layout-grid fusion-blog-layout-grid-2 isotope\" data-pages=\"1\" data-grid-col-space=\"40\" style=\"margin: -20px -20px 0;min-height:500px;\"><article id=\"blog-1-post-8922\" class=\"fusion-post-grid post-8922 post type-post status-publish format-standard has-post-thumbnail hentry category-actividades category-cursos-talleres category-proximas-actividades\">\n<div class=\"fusion-post-wrapper\" style=\"background-color:rgba(252,252,252,1);border:1px solid #ebeaea;border-bottom-width:3px;\">\n\n\t\t\t<div class=\"fusion-flexslider flexslider fusion-flexslider-loading fusion-post-slideshow\" style=\"border-color:#ebeaea;\">\n\t\t<ul class=\"slides\">\n\t\t\t\n\t\t\t\t\t\t\t\t\t\t\t\t\t\t<li><div  class=\"fusion-image-wrapper\" aria-haspopup=\"true\">\n\t\t\t\t\t\t\t<a href=\"https:\/\/espaciogranvia.org\/gal\/presentacion-gratuita-curso-de-filosofia-para-vivir-3\/\" aria-label=\"Presentaci\u00f3n gratuita: CURSO DE FILOSOF\u00cdA PARA VIVIR.\">\n\t\t\t\t\t\t\t<img decoding=\"async\" width=\"2000\" height=\"1000\" src=\"https:\/\/espaciogranvia.org\/wp-content\/uploads\/2026\/04\/FB_IMG_1777323339554.jpg\" class=\"attachment-full size-full wp-post-image\" alt=\"\" srcset=\"https:\/\/espaciogranvia.org\/wp-content\/uploads\/2026\/04\/FB_IMG_1777323339554-200x100.jpg 200w, https:\/\/espaciogranvia.org\/wp-content\/uploads\/2026\/04\/FB_IMG_1777323339554-400x200.jpg 400w, https:\/\/espaciogranvia.org\/wp-content\/uploads\/2026\/04\/FB_IMG_1777323339554-600x300.jpg 600w, https:\/\/espaciogranvia.org\/wp-content\/uploads\/2026\/04\/FB_IMG_1777323339554-800x400.jpg 800w, https:\/\/espaciogranvia.org\/wp-content\/uploads\/2026\/04\/FB_IMG_1777323339554-1200x600.jpg 1200w, https:\/\/espaciogranvia.org\/wp-content\/uploads\/2026\/04\/FB_IMG_1777323339554.jpg 2000w\" sizes=\"(min-width: 2200px) 100vw, (min-width: 712px) 580px, (min-width: 640px) 712px, \" \/>\t\t\t<\/a>\n\t\t\t\t\t\t\t<\/div>\n<\/li>\n\t\t\t\n\t\t\t\n\t\t\t\t\t\t\t\t\t\t\t\t\t\t\t\t\t\t\t\t\t\t\t\t\t\t\t\t\t\t\t\t\t\t\t\t\t\t\t\t\t\t\t\t\t\t\t\t\t\t\t\t\t\t\t\t\t\t\t\t\t\t\t\t\t\t\t\t<\/ul>\n\t<\/div>\n\t<div class=\"fusion-post-content-wrapper\" style=\"padding:30px 25px 20px 25px;\"><div class=\"fusion-post-content post-content\"><h2 class=\"blog-shortcode-post-title\"><a href=\"https:\/\/espaciogranvia.org\/gal\/presentacion-gratuita-curso-de-filosofia-para-vivir-3\/\">Presentaci\u00f3n gratuita: CURSO DE FILOSOF\u00cdA PARA VIVIR.<\/a><\/h2><p class=\"fusion-single-line-meta\">By <span><a href=\"https:\/\/espaciogranvia.org\/gal\/author\/editorial\/\" title=\"Entradas de Editorial\" rel=\"author\">Editorial<\/a><\/span><span class=\"fusion-inline-sep\">|<\/span><span>27-04-2026<\/span><span class=\"fusion-inline-sep\">|<\/span>Categories: <a href=\"https:\/\/espaciogranvia.org\/categoria\/actividades\/\" rel=\"category tag\">Actividades<\/a>, <a href=\"https:\/\/espaciogranvia.org\/categoria\/actividades\/cursos-talleres\/\" rel=\"category tag\">Cursos y Talleres<\/a>, <a href=\"https:\/\/espaciogranvia.org\/categoria\/actividades\/proximas-actividades\/\" rel=\"category tag\">Pr\u00f3ximas Actividades<\/a><span class=\"fusion-inline-sep\">|<\/span><\/p><div class=\"fusion-content-sep sep-double sep-solid\"><\/div><div class=\"fusion-post-content-container\"><p> \u00a1 Explora y crece con el curso Filosof\u00eda para [...]<\/p><\/div><\/div><div class=\"fusion-meta-info\"><div class=\"fusion-alignleft\"><a class=\"fusion-read-more\" href=\"https:\/\/espaciogranvia.org\/gal\/presentacion-gratuita-curso-de-filosofia-para-vivir-3\/\" aria-label=\"More on Presentaci\u00f3n gratuita: CURSO DE FILOSOF\u00cdA PARA VIVIR.\">Read More<\/a><\/div><div class=\"fusion-alignright\"><a href=\"https:\/\/espaciogranvia.org\/gal\/presentacion-gratuita-curso-de-filosofia-para-vivir-3\/#respond\"><i class=\"awb-icon-bubbles\" aria-hidden=\"true\"><\/i>&nbsp;0<\/a><\/div><\/div><\/div><div class=\"fusion-clearfix\"><\/div><\/div>\n<\/article>\n<article id=\"blog-1-post-8913\" class=\"fusion-post-grid post-8913 post type-post status-publish format-standard has-post-thumbnail hentry category-actividades category-club-de-lectura-valle-inclan category-proximas-actividades\">\n<div class=\"fusion-post-wrapper\" style=\"background-color:rgba(252,252,252,1);border:1px solid #ebeaea;border-bottom-width:3px;\">\n\n\t\t\t<div class=\"fusion-flexslider flexslider fusion-flexslider-loading fusion-post-slideshow\" style=\"border-color:#ebeaea;\">\n\t\t<ul class=\"slides\">\n\t\t\t\n\t\t\t\t\t\t\t\t\t\t\t\t\t\t<li><div  class=\"fusion-image-wrapper\" aria-haspopup=\"true\">\n\t\t\t\t\t\t\t<a href=\"https:\/\/espaciogranvia.org\/gal\/encuentro-literario-martin-eden-de-jack-london\/\" aria-label=\"Filo-club de lectura: MARTIN EDEN, de Jack London\">\n\t\t\t\t\t\t\t<img decoding=\"async\" width=\"1665\" height=\"2480\" src=\"https:\/\/espaciogranvia.org\/wp-content\/uploads\/2026\/04\/Martin-Eden.jpg\" class=\"attachment-full size-full wp-post-image\" alt=\"\" srcset=\"https:\/\/espaciogranvia.org\/wp-content\/uploads\/2026\/04\/Martin-Eden-200x298.jpg 200w, https:\/\/espaciogranvia.org\/wp-content\/uploads\/2026\/04\/Martin-Eden-400x596.jpg 400w, https:\/\/espaciogranvia.org\/wp-content\/uploads\/2026\/04\/Martin-Eden-600x894.jpg 600w, https:\/\/espaciogranvia.org\/wp-content\/uploads\/2026\/04\/Martin-Eden-800x1192.jpg 800w, https:\/\/espaciogranvia.org\/wp-content\/uploads\/2026\/04\/Martin-Eden-1200x1787.jpg 1200w, https:\/\/espaciogranvia.org\/wp-content\/uploads\/2026\/04\/Martin-Eden.jpg 1665w\" sizes=\"(min-width: 2200px) 100vw, (min-width: 712px) 580px, (min-width: 640px) 712px, \" \/>\t\t\t<\/a>\n\t\t\t\t\t\t\t<\/div>\n<\/li>\n\t\t\t\n\t\t\t\n\t\t\t\t\t\t\t\t\t\t\t\t\t\t\t\t\t\t\t\t\t\t\t\t\t\t\t\t\t\t\t\t\t\t\t\t\t\t\t\t\t\t\t\t\t\t\t\t\t\t\t\t\t\t\t\t\t\t\t\t\t\t\t\t\t\t\t\t<\/ul>\n\t<\/div>\n\t<div class=\"fusion-post-content-wrapper\" style=\"padding:30px 25px 20px 25px;\"><div class=\"fusion-post-content post-content\"><h2 class=\"blog-shortcode-post-title\"><a href=\"https:\/\/espaciogranvia.org\/gal\/encuentro-literario-martin-eden-de-jack-london\/\">Filo-club de lectura: MARTIN EDEN, de Jack London<\/a><\/h2><p class=\"fusion-single-line-meta\">By <span><a href=\"https:\/\/espaciogranvia.org\/gal\/author\/editorial\/\" title=\"Entradas de Editorial\" rel=\"author\">Editorial<\/a><\/span><span class=\"fusion-inline-sep\">|<\/span><span>27-04-2026<\/span><span class=\"fusion-inline-sep\">|<\/span>Categories: <a href=\"https:\/\/espaciogranvia.org\/categoria\/actividades\/\" rel=\"category tag\">Actividades<\/a>, <a href=\"https:\/\/espaciogranvia.org\/categoria\/actividades\/club-de-lectura-valle-inclan\/\" rel=\"category tag\">Club de lectura Valle-Incl\u00e1n<\/a>, <a href=\"https:\/\/espaciogranvia.org\/categoria\/actividades\/proximas-actividades\/\" rel=\"category tag\">Pr\u00f3ximas Actividades<\/a><span class=\"fusion-inline-sep\">|<\/span><\/p><div class=\"fusion-content-sep sep-double sep-solid\"><\/div><div class=\"fusion-post-content-container\"><p> Viernes 12 de junio -- 19:00 h. Filo-club de [...]<\/p><\/div><\/div><div class=\"fusion-meta-info\"><div class=\"fusion-alignleft\"><a class=\"fusion-read-more\" href=\"https:\/\/espaciogranvia.org\/gal\/encuentro-literario-martin-eden-de-jack-london\/\" aria-label=\"More on Filo-club de lectura: MARTIN EDEN, de Jack London\">Read More<\/a><\/div><div class=\"fusion-alignright\"><a href=\"https:\/\/espaciogranvia.org\/gal\/encuentro-literario-martin-eden-de-jack-london\/#respond\"><i class=\"awb-icon-bubbles\" aria-hidden=\"true\"><\/i>&nbsp;0<\/a><\/div><\/div><\/div><div class=\"fusion-clearfix\"><\/div><\/div>\n<\/article>\n<article id=\"blog-1-post-8905\" class=\"fusion-post-grid post-8905 post type-post status-publish format-standard has-post-thumbnail hentry category-actividades category-conferencias category-proximas-actividades\">\n<div class=\"fusion-post-wrapper\" style=\"background-color:rgba(252,252,252,1);border:1px solid #ebeaea;border-bottom-width:3px;\">\n\n\t\t\t<div class=\"fusion-flexslider flexslider fusion-flexslider-loading fusion-post-slideshow\" style=\"border-color:#ebeaea;\">\n\t\t<ul class=\"slides\">\n\t\t\t\n\t\t\t\t\t\t\t\t\t\t\t\t\t\t<li><div  class=\"fusion-image-wrapper\" aria-haspopup=\"true\">\n\t\t\t\t\t\t\t<a href=\"https:\/\/espaciogranvia.org\/gal\/charla-coloquio-jung-y-el-misterio-de-la-sincronicidad\/\" aria-label=\"Charla-coloquio: &#8220;JUNG y el misterio de la Sincronicidad&#8221;.\">\n\t\t\t\t\t\t\t<img decoding=\"async\" width=\"1536\" height=\"1024\" src=\"https:\/\/espaciogranvia.org\/wp-content\/uploads\/2026\/04\/FB_IMG_1776805327654.jpg\" class=\"attachment-full size-full wp-post-image\" alt=\"\" srcset=\"https:\/\/espaciogranvia.org\/wp-content\/uploads\/2026\/04\/FB_IMG_1776805327654-200x133.jpg 200w, https:\/\/espaciogranvia.org\/wp-content\/uploads\/2026\/04\/FB_IMG_1776805327654-400x267.jpg 400w, https:\/\/espaciogranvia.org\/wp-content\/uploads\/2026\/04\/FB_IMG_1776805327654-600x400.jpg 600w, https:\/\/espaciogranvia.org\/wp-content\/uploads\/2026\/04\/FB_IMG_1776805327654-800x533.jpg 800w, https:\/\/espaciogranvia.org\/wp-content\/uploads\/2026\/04\/FB_IMG_1776805327654-1200x800.jpg 1200w, https:\/\/espaciogranvia.org\/wp-content\/uploads\/2026\/04\/FB_IMG_1776805327654.jpg 1536w\" sizes=\"(min-width: 2200px) 100vw, (min-width: 712px) 580px, (min-width: 640px) 712px, \" \/>\t\t\t<\/a>\n\t\t\t\t\t\t\t<\/div>\n<\/li>\n\t\t\t\n\t\t\t\n\t\t\t\t\t\t\t\t\t\t\t\t\t\t\t\t\t\t\t\t\t\t\t\t\t\t\t\t\t\t\t\t\t\t\t\t\t\t\t\t\t\t\t\t\t\t\t\t\t\t\t\t\t\t\t\t\t\t\t\t\t\t\t\t\t\t\t\t<\/ul>\n\t<\/div>\n\t<div class=\"fusion-post-content-wrapper\" style=\"padding:30px 25px 20px 25px;\"><div class=\"fusion-post-content post-content\"><h2 class=\"blog-shortcode-post-title\"><a href=\"https:\/\/espaciogranvia.org\/gal\/charla-coloquio-jung-y-el-misterio-de-la-sincronicidad\/\">Charla-coloquio: &#8220;JUNG y el misterio de la Sincronicidad&#8221;.<\/a><\/h2><p class=\"fusion-single-line-meta\">By <span><a href=\"https:\/\/espaciogranvia.org\/gal\/author\/editorial\/\" title=\"Entradas de Editorial\" rel=\"author\">Editorial<\/a><\/span><span class=\"fusion-inline-sep\">|<\/span><span>21-04-2026<\/span><span class=\"fusion-inline-sep\">|<\/span>Categories: <a href=\"https:\/\/espaciogranvia.org\/categoria\/actividades\/\" rel=\"category tag\">Actividades<\/a>, <a href=\"https:\/\/espaciogranvia.org\/categoria\/actividades\/conferencias\/\" rel=\"category tag\">Conferencias<\/a>, <a href=\"https:\/\/espaciogranvia.org\/categoria\/actividades\/proximas-actividades\/\" rel=\"category tag\">Pr\u00f3ximas Actividades<\/a><span class=\"fusion-inline-sep\">|<\/span><\/p><div class=\"fusion-content-sep sep-double sep-solid\"><\/div><div class=\"fusion-post-content-container\"><p>Viernes 15 de mayo -- 19:30 h. Consigue tu entrada* [...]<\/p><\/div><\/div><div class=\"fusion-meta-info\"><div class=\"fusion-alignleft\"><a class=\"fusion-read-more\" href=\"https:\/\/espaciogranvia.org\/gal\/charla-coloquio-jung-y-el-misterio-de-la-sincronicidad\/\" aria-label=\"More on Charla-coloquio: &#8220;JUNG y el misterio de la Sincronicidad&#8221;.\">Read More<\/a><\/div><div class=\"fusion-alignright\"><a href=\"https:\/\/espaciogranvia.org\/gal\/charla-coloquio-jung-y-el-misterio-de-la-sincronicidad\/#respond\"><i class=\"awb-icon-bubbles\" aria-hidden=\"true\"><\/i>&nbsp;0<\/a><\/div><\/div><\/div><div class=\"fusion-clearfix\"><\/div><\/div>\n<\/article>\n<article id=\"blog-1-post-4699\" class=\"fusion-post-grid post-4699 post type-post status-publish format-standard hentry category-proximas-gal\">\n<div class=\"fusion-post-wrapper\" style=\"background-color:rgba(252,252,252,1);border:1px solid #ebeaea;border-bottom-width:3px;\">\n\n<div class=\"fusion-post-content-wrapper\" style=\"padding:30px 25px 20px 25px;\"><div class=\"fusion-post-content post-content\"><h2 class=\"blog-shortcode-post-title\"><a href=\"https:\/\/espaciogranvia.org\/gal\/presentacion-gratuita-curso-filosofia-para-vivir\/\">Presentaci\u00f3n gratuita curso: Filosof\u00eda para Vivir<\/a><\/h2><p class=\"fusion-single-line-meta\">By <span><a href=\"https:\/\/espaciogranvia.org\/gal\/author\/editorial\/\" title=\"Entradas de Editorial\" rel=\"author\">Editorial<\/a><\/span><span class=\"fusion-inline-sep\">|<\/span><span>16-02-2021<\/span><span class=\"fusion-inline-sep\">|<\/span>Categories: <a href=\"https:\/\/espaciogranvia.org\/gal\/categoria\/actividades-gal\/proximas-gal\/\" rel=\"category tag\">Pr\u00f3ximas Actividades<\/a><span class=\"fusion-inline-sep\">|<\/span><\/p><div class=\"fusion-content-sep sep-double sep-solid\"><\/div><div class=\"fusion-post-content-container\"><p>Lunes 1 de marzo a las 19:00 horas. Presencial y [...]<\/p><\/div><\/div><div class=\"fusion-meta-info\"><div class=\"fusion-alignleft\"><a class=\"fusion-read-more\" href=\"https:\/\/espaciogranvia.org\/gal\/presentacion-gratuita-curso-filosofia-para-vivir\/\" aria-label=\"More on Presentaci\u00f3n gratuita curso: Filosof\u00eda para Vivir\">Read More<\/a><\/div><div class=\"fusion-alignright\"><a href=\"https:\/\/espaciogranvia.org\/gal\/presentacion-gratuita-curso-filosofia-para-vivir\/#respond\"><i class=\"awb-icon-bubbles\" aria-hidden=\"true\"><\/i>&nbsp;0<\/a><\/div><\/div><\/div><div class=\"fusion-clearfix\"><\/div><\/div>\n<\/article>\n<article id=\"blog-1-post-4700\" class=\"fusion-post-grid post-4700 post type-post status-publish format-standard hentry category-actividades-gal category-conferencias-gal category-cursos-e-obradoiros category-filosofia-gal category-proximas-gal\">\n<div class=\"fusion-post-wrapper\" style=\"background-color:rgba(252,252,252,1);border:1px solid #ebeaea;border-bottom-width:3px;\">\n\n<div class=\"fusion-post-content-wrapper\" style=\"padding:30px 25px 20px 25px;\"><div class=\"fusion-post-content post-content\"><h2 class=\"blog-shortcode-post-title\"><a href=\"https:\/\/espaciogranvia.org\/gal\/presentacion-gratuita-curso-filosofia-para-vivir\/\">Presentaci\u00f3n gratuita curso: Filosof\u00eda para Vivir<\/a><\/h2><p class=\"fusion-single-line-meta\">By <span><a href=\"https:\/\/espaciogranvia.org\/gal\/author\/editorial\/\" title=\"Entradas de Editorial\" rel=\"author\">Editorial<\/a><\/span><span class=\"fusion-inline-sep\">|<\/span><span>16-02-2021<\/span><span class=\"fusion-inline-sep\">|<\/span>Categories: <a href=\"https:\/\/espaciogranvia.org\/gal\/categoria\/actividades-gal\/\" rel=\"category tag\">Actividades<\/a>, <a href=\"https:\/\/espaciogranvia.org\/gal\/categoria\/actividades-gal\/conferencias-gal\/\" rel=\"category tag\">Conferencias<\/a>, <a href=\"https:\/\/espaciogranvia.org\/gal\/categoria\/actividades-gal\/cursos-e-obradoiros\/\" rel=\"category tag\">Cursos e Obradoiros<\/a>, <a href=\"https:\/\/espaciogranvia.org\/gal\/categoria\/artigos-gal\/filosofia-gal\/\" rel=\"category tag\">Filosof\u00eda<\/a>, <a href=\"https:\/\/espaciogranvia.org\/gal\/categoria\/actividades-gal\/proximas-gal\/\" rel=\"category tag\">Pr\u00f3ximas Actividades<\/a><span class=\"fusion-inline-sep\">|<\/span><\/p><div class=\"fusion-content-sep sep-double sep-solid\"><\/div><div class=\"fusion-post-content-container\"><p>Lunes 1 de marzo a las 19:00 horas. Presencial y [...]<\/p><\/div><\/div><div class=\"fusion-meta-info\"><div class=\"fusion-alignleft\"><a class=\"fusion-read-more\" href=\"https:\/\/espaciogranvia.org\/gal\/presentacion-gratuita-curso-filosofia-para-vivir\/\" aria-label=\"More on Presentaci\u00f3n gratuita curso: Filosof\u00eda para Vivir\">Read More<\/a><\/div><div class=\"fusion-alignright\"><a href=\"https:\/\/espaciogranvia.org\/gal\/presentacion-gratuita-curso-filosofia-para-vivir\/#respond\"><i class=\"awb-icon-bubbles\" aria-hidden=\"true\"><\/i>&nbsp;0<\/a><\/div><\/div><\/div><div class=\"fusion-clearfix\"><\/div><\/div>\n<\/article>\n<article id=\"blog-1-post-4316\" class=\"fusion-post-grid post-4316 post type-post status-publish format-standard has-post-thumbnail hentry category-actividades-gal category-club-de-lectura-gal category-proximas-gal\">\n<div class=\"fusion-post-wrapper\" style=\"background-color:rgba(252,252,252,1);border:1px solid #ebeaea;border-bottom-width:3px;\">\n\n\t\t\t<div class=\"fusion-flexslider flexslider fusion-flexslider-loading fusion-post-slideshow\" style=\"border-color:#ebeaea;\">\n\t\t<ul class=\"slides\">\n\t\t\t\n\t\t\t\t\t\t\t\t\t\t\t\t\t\t<li><div  class=\"fusion-image-wrapper\" aria-haspopup=\"true\">\n\t\t\t\t\t\t\t<a href=\"https:\/\/espaciogranvia.org\/gal\/se-buscan-lectores-para-formar-club-de-lectura-en-vigo\/\" aria-label=\"B\u00daSCANSE LECTORES PARA ASOCIARSE A CLUB DE LECTURA de Vigo\">\n\t\t\t\t\t\t\t<img decoding=\"async\" width=\"334\" height=\"473\" src=\"https:\/\/espaciogranvia.org\/wp-content\/uploads\/2020\/02\/Club-de-lectura-Valle-Incl\u00e1n-Espacio-Gran-V\u00eda.jpg\" class=\"attachment-full size-full wp-post-image\" alt=\"\" srcset=\"https:\/\/espaciogranvia.org\/wp-content\/uploads\/2020\/02\/Club-de-lectura-Valle-Incl\u00e1n-Espacio-Gran-V\u00eda-200x283.jpg 200w, https:\/\/espaciogranvia.org\/wp-content\/uploads\/2020\/02\/Club-de-lectura-Valle-Incl\u00e1n-Espacio-Gran-V\u00eda.jpg 334w\" sizes=\"(min-width: 2200px) 100vw, (min-width: 712px) 580px, (min-width: 640px) 712px, \" \/>\t\t\t<\/a>\n\t\t\t\t\t\t\t<\/div>\n<\/li>\n\t\t\t\n\t\t\t\n\t\t\t\t\t\t\t\t\t\t\t\t\t\t\t\t\t\t\t\t\t\t\t\t\t\t\t\t\t\t\t\t\t\t\t\t\t\t\t\t\t\t\t\t\t\t\t\t\t\t\t\t\t\t\t\t\t\t\t\t\t\t\t\t\t\t\t\t<\/ul>\n\t<\/div>\n\t<div class=\"fusion-post-content-wrapper\" style=\"padding:30px 25px 20px 25px;\"><div class=\"fusion-post-content post-content\"><h2 class=\"blog-shortcode-post-title\"><a href=\"https:\/\/espaciogranvia.org\/gal\/se-buscan-lectores-para-formar-club-de-lectura-en-vigo\/\">B\u00daSCANSE LECTORES PARA ASOCIARSE A CLUB DE LECTURA de Vigo<\/a><\/h2><p class=\"fusion-single-line-meta\">By <span><a href=\"https:\/\/espaciogranvia.org\/gal\/author\/editorial\/\" title=\"Entradas de Editorial\" rel=\"author\">Editorial<\/a><\/span><span class=\"fusion-inline-sep\">|<\/span><span>17-02-2020<\/span><span class=\"fusion-inline-sep\">|<\/span>Categories: <a href=\"https:\/\/espaciogranvia.org\/gal\/categoria\/actividades-gal\/\" rel=\"category tag\">Actividades<\/a>, <a href=\"https:\/\/espaciogranvia.org\/gal\/categoria\/actividades-gal\/club-de-lectura-gal\/\" rel=\"category tag\">Clube de lectura Valle-Incl\u00e1n<\/a>, <a href=\"https:\/\/espaciogranvia.org\/gal\/categoria\/actividades-gal\/proximas-gal\/\" rel=\"category tag\">Pr\u00f3ximas Actividades<\/a><span class=\"fusion-inline-sep\">|<\/span><\/p><div class=\"fusion-content-sep sep-double sep-solid\"><\/div><div class=\"fusion-post-content-container\"><p> Lemos para divertirnos, informarnos , aprender, e fundamentalmente compartir [...]<\/p><\/div><\/div><div class=\"fusion-meta-info\"><div class=\"fusion-alignleft\"><a class=\"fusion-read-more\" href=\"https:\/\/espaciogranvia.org\/gal\/se-buscan-lectores-para-formar-club-de-lectura-en-vigo\/\" aria-label=\"More on B\u00daSCANSE LECTORES PARA ASOCIARSE A CLUB DE LECTURA de Vigo\">Read More<\/a><\/div><div class=\"fusion-alignright\"><a href=\"https:\/\/espaciogranvia.org\/gal\/se-buscan-lectores-para-formar-club-de-lectura-en-vigo\/#respond\"><i class=\"awb-icon-bubbles\" aria-hidden=\"true\"><\/i>&nbsp;0<\/a><\/div><\/div><\/div><div class=\"fusion-clearfix\"><\/div><\/div>\n<\/article>\n<article id=\"blog-1-post-250\" class=\"fusion-post-grid post-250 post type-post status-publish format-standard has-post-thumbnail hentry category-actividades-gal category-cursos-e-obradoiros category-proximas-gal\">\n<div class=\"fusion-post-wrapper\" style=\"background-color:rgba(252,252,252,1);border:1px solid #ebeaea;border-bottom-width:3px;\">\n\n\t\t\t<div class=\"fusion-flexslider flexslider fusion-flexslider-loading fusion-post-slideshow\" style=\"border-color:#ebeaea;\">\n\t\t<ul class=\"slides\">\n\t\t\t\n\t\t\t\t\t\t\t\t\t\t\t\t\t\t<li><div  class=\"fusion-image-wrapper\" aria-haspopup=\"true\">\n\t\t\t\t\t\t\t<a href=\"https:\/\/espaciogranvia.org\/gal\/curso-de-guitarra\/\" aria-label=\"Clases de guitarra\">\n\t\t\t\t\t\t\t<img decoding=\"async\" width=\"922\" height=\"625\" src=\"https:\/\/espaciogranvia.org\/wp-content\/uploads\/2014\/08\/clases-de-guitarra.jpg\" class=\"attachment-full size-full wp-post-image\" alt=\"\" \/>\t\t\t<\/a>\n\t\t\t\t\t\t\t<\/div>\n<\/li>\n\t\t\t\n\t\t\t\n\t\t\t\t\t\t\t\t\t\t\t\t\t\t\t\t\t\t\t\t\t\t\t\t\t\t\t\t\t\t\t\t\t\t\t\t\t\t\t\t\t\t\t\t\t\t\t\t\t\t\t\t\t\t\t\t\t\t\t\t\t\t\t\t\t\t\t\t<\/ul>\n\t<\/div>\n\t<div class=\"fusion-post-content-wrapper\" style=\"padding:30px 25px 20px 25px;\"><div class=\"fusion-post-content post-content\"><h2 class=\"blog-shortcode-post-title\"><a href=\"https:\/\/espaciogranvia.org\/gal\/curso-de-guitarra\/\">Clases de guitarra<\/a><\/h2><p class=\"fusion-single-line-meta\">By <span><a href=\"https:\/\/espaciogranvia.org\/gal\/author\/editorial\/\" title=\"Entradas de Editorial\" rel=\"author\">Editorial<\/a><\/span><span class=\"fusion-inline-sep\">|<\/span><span>13-08-2014<\/span><span class=\"fusion-inline-sep\">|<\/span>Categories: <a href=\"https:\/\/espaciogranvia.org\/gal\/categoria\/actividades-gal\/\" rel=\"category tag\">Actividades<\/a>, <a href=\"https:\/\/espaciogranvia.org\/gal\/categoria\/actividades-gal\/cursos-e-obradoiros\/\" rel=\"category tag\">Cursos e Obradoiros<\/a>, <a href=\"https:\/\/espaciogranvia.org\/gal\/categoria\/actividades-gal\/proximas-gal\/\" rel=\"category tag\">Pr\u00f3ximas Actividades<\/a><span class=\"fusion-inline-sep\">|<\/span><\/p><div class=\"fusion-content-sep sep-double sep-solid\"><\/div><div class=\"fusion-post-content-container\"><p> Clases de 1 h. un d\u00eda \u00e1 semana. Inscrici\u00f3n [...]<\/p><\/div><\/div><div class=\"fusion-meta-info\"><div class=\"fusion-alignleft\"><a class=\"fusion-read-more\" href=\"https:\/\/espaciogranvia.org\/gal\/curso-de-guitarra\/\" aria-label=\"More on Clases de guitarra\">Read More<\/a><\/div><div class=\"fusion-alignright\"><a href=\"https:\/\/espaciogranvia.org\/gal\/curso-de-guitarra\/#respond\"><i class=\"awb-icon-bubbles\" aria-hidden=\"true\"><\/i>&nbsp;0<\/a><\/div><\/div><\/div><div class=\"fusion-clearfix\"><\/div><\/div>\n<\/article>\n<div class=\"fusion-clearfix\"><\/div><\/div><\/div><div class=\"fusion-clearfix\"><\/div><\/div><\/div><\/div><\/div>\n","protected":false},"excerpt":{"rendered":"","protected":false},"author":2,"featured_media":0,"parent":0,"menu_order":0,"comment_status":"open","ping_status":"closed","template":"","meta":{"footnotes":""},"class_list":["post-270","page","type-page","status-publish","hentry"],"_links":{"self":[{"href":"https:\/\/espaciogranvia.org\/gal\/wp-json\/wp\/v2\/pages\/270","targetHints":{"allow":["GET"]}}],"collection":[{"href":"https:\/\/espaciogranvia.org\/gal\/wp-json\/wp\/v2\/pages"}],"about":[{"href":"https:\/\/espaciogranvia.org\/gal\/wp-json\/wp\/v2\/types\/page"}],"author":[{"embeddable":true,"href":"https:\/\/espaciogranvia.org\/gal\/wp-json\/wp\/v2\/users\/2"}],"replies":[{"embeddable":true,"href":"https:\/\/espaciogranvia.org\/gal\/wp-json\/wp\/v2\/comments?post=270"}],"version-history":[{"count":26,"href":"https:\/\/espaciogranvia.org\/gal\/wp-json\/wp\/v2\/pages\/270\/revisions"}],"predecessor-version":[{"id":6511,"href":"https:\/\/espaciogranvia.org\/gal\/wp-json\/wp\/v2\/pages\/270\/revisions\/6511"}],"wp:attachment":[{"href":"https:\/\/espaciogranvia.org\/gal\/wp-json\/wp\/v2\/media?parent=270"}],"curies":[{"name":"wp","href":"https:\/\/api.w.org\/{rel}","templated":true}]}}